List the prime factors of 2647769971.
7, 11, 34386623
List the prime factors of 1228978149.
3, 7, 1549, 37781
List the prime factors of 44214502.
2, 29, 762319
List the prime factors of 48412233.
3, 349, 15413
List the prime factors of 122477.
122477
What are the prime factors of 1863692717?
1863692717
What are the prime factors of 694791715?
5, 19, 29, 252193
List the prime factors of 207865452.
2, 3, 17322121
What are the prime factors of 65434524?
2, 3, 41, 179, 743
What are the prime factors of 689004500?
2, 5, 1378009
What are the prime factors of 537063890?
2, 5, 11, 4882399
What are the prime factors of 52708252?
2, 13177063
List the prime factors of 1553913230.
2, 5, 163, 953321
What are the prime factors of 449197681?
17, 41, 67, 9619
What are the prime factors of 384276306?
2, 3, 64046051
List the prime factors of 3292068159.
3, 97, 157, 24019
What are the prime factors of 261072134?
2, 1453, 89839
What are the prime factors of 543225985?
5, 108645197
List the prime factors of 408005792.
2, 12750181
What are the prime factors of 4642386551?
11, 433, 88607
What are the prime factors of 129803739?
3, 13, 29, 114769
List the prime factors of 70142727.
3, 809, 28901
What are the prime factors of 45624652?
2, 1747, 6529
List the prime factors of 296213593.
13, 17, 1340333
What are the prime factors of 2256133662?
2, 3, 13926751
What are the prime factors of 31904000?
2, 5, 997
List the prime factors of 928605889.
233, 3985433
List the prime factors of 695028692.
2, 1931, 89983
List the prime factors of 1985197572.
2, 3, 6127153
What are the prime factors of 75307742?
2, 31, 1214641
List the prime factors of 45809187.
3, 15269729
List the prime factors of 2284084810.
2, 5, 7, 17, 19, 101021
What are the prime factors of 2210679867?
3, 11, 66990299
What are the prime factors of 12964959?
3, 7, 29399
What are the prime factors of 39651771?
3, 13217257
What are the prime factors of 1981915234?
2, 13, 76227509
What are the prime factors of 19486935?
3, 5, 13, 33311
List the prime factors of 2986382722.
2, 19, 157, 500567
List the prime factors of 516797936.
2, 32299871
List the prime factors of 6833004009.
3, 13, 173, 397, 2551
What are the prime factors of 56068798?
2, 991, 28289
List the prime factors of 316935489.
3, 13, 373, 21787
List the prime factors of 453901618.
2, 277, 819317
What are the prime factors of 4553433570?
2, 3, 5, 7, 21683017
List the prime factors of 157951012.
2, 17, 1013, 2293
What are the prime factors of 97554831?
3, 11, 43, 68749
List the prime factors of 751535382.
2, 3, 13, 67, 143807
List the prime factors of 47407647.
3, 7, 322501
List the prime factors of 170877102.
2, 3, 11, 2589047
What are the prime factors of 70946650?
2, 5, 179, 7927
What are the prime factors of 2049555179?
7, 47, 509, 12239
What are the prime factors of 81340401?
3, 3119, 8693
List the prime factors of 313771999.
313771999
What are the prime factors of 101223843?
3, 7, 4820183
List the prime factors of 5019942205.
5, 89, 229, 49261
List the prime factors of 67791308.
2, 13, 17, 347
What are the prime factors of 7262113?
53, 73, 1877
List the prime factors of 187609100.
2, 5, 7, 268013
List the prime factors of 40543415.
5, 11, 173, 4261
What are the prime factors of 8671719551?
11, 137, 1019, 5647
List the prime factors of 112455018.
2, 3, 13, 157, 3061
List the prime factors of 4581164773.
1109, 4130897
List the prime factors of 350635371.
3, 167, 607, 1153
What are the prime factors of 604001847?
3, 79, 2548531
List the prime factors of 34881939.
3, 41, 94531
List the prime factors of 184932566.
2, 7, 13, 89, 233
What are the prime factors of 4112680693?
11, 373880063
List the prime factors of 15915756.
2, 3, 1326313
What are the prime factors of 4419030912?
2, 3, 71, 109, 1487
What are the prime factors of 5490209?
103, 151, 353
What are the prime factors of 3240570?
2, 3, 5, 109, 991
List the prime factors of 295261182.
2, 3, 1213, 13523
What are the prime factors of 326060948?
2, 293, 278209
What are the prime factors of 992922688?
2, 613, 25309
What are the prime factors of 5115348650?
2, 5, 102306973
List the prime factors of 164427862.
2, 19, 4327049
List the prime factors of 237370804.
2, 11, 821, 6571
What are the prime factors of 137518731?
3, 7, 1103, 1979
List the prime factors of 48212882.
2, 47, 512903
What are the prime factors of 377143207?
7, 53877601
What are the prime factors of 80386481?
7, 11483783
What are the prime factors of 1220582633?
53, 311, 74051
What are the prime factors of 224788773?
3, 11, 17, 29, 41, 337
List the prime factors of 1608813503.
11, 1493, 97961
What are the prime factors of 380098714?
2, 4259, 44623
What are the prime factors of 931908516?
2, 3, 7, 11, 17, 41, 1447
List the prime factors of 3628944406.
2, 17, 19, 29, 97, 1997
What are the prime factors of 942022227?
3, 314007409
List the prime factors of 3545207215.
5, 11, 64458313
What are the prime factors of 4936004867?
113, 43681459
List the prime factors of 1325579380.
2, 5, 66278969
What are the prime factors of 80971834?
2, 379, 106823
What are the prime factors of 486282293?
7, 257, 270307
List the prime factors of 1304751491.
1304751491
What are the prime factors of 48310515?
3, 5, 11, 17, 5741
List the prime factors of 1160361211.
1160361211
List the prime factors of 5279794531.
11, 479981321
What are the prime factors of 430216848?
2, 3, 19, 157243
List the prime factors of 3575158178.
2, 1787579089
List the prime factors of 126583283.
23, 5503621
List the prime factors of 7441911901.
23, 323561387
What are the prime factors of 229835470?
2, 5, 22983547
What are the prime factors of 258699338?
2, 37, 1487, 2351
List the prime factors of 1165947206.
2, 293, 1989671
What are the prime factors of 757892312?
2, 37, 127, 20161
What are the prime factors of 145537722?
2, 3, 11, 81671
What are the prime factors of 573178495?
5, 83, 1381153
List the prime factors of 163019395.
5, 7, 11, 423427
What are the prime factors of 121372243?
121372243
What are the prime factors of 14565936?
2, 3, 7, 11, 563
What are the prime factors of 274305322?
2, 5869, 23369
What are the prime factors of 54694638?
2, 3, 29, 104779
What are the prime factors of 1123053218?
2, 7, 17, 4718711
List the prime factors of 309123270.
2, 3, 5, 1144901
What are the prime factors of 19187789?
491, 39079
List the prime factors of 399664814.
2, 199832407
List the prime factors of 1067124641.
11, 97011331
What are the prime factors of 189574598?
2, 607, 156157
What are the prime factors of 1400709196?
2, 191, 1833389
What are the prime factors of 283167625?
5, 13, 174257
What are the prime factors of 1075344800?
2, 5, 1344181
List the prime factors of 164531344.
2, 10283209
What are the prime factors of 196719342?
2, 3, 17, 1928621
What are the prime factors of 6442815?
3, 5, 429521
List the prime factors of 743311627.
47, 113, 173, 809
What are the prime factors of 1194624911?
617, 1936183
List the prime factors of 215973662.
2, 37, 2918563
List the prime factors of 37640918.
2, 7, 53, 7247
What are the prime factors of 26629354?
2, 23, 47, 109, 113
List the prime factors of 202133452.
2, 1439, 35117
List the prime factors of 443276706.
2, 3, 1559, 47389
List the prime factors of 3122453834.
2, 149, 10478033
List the prime factors of 717397123.
11927, 60149
List the prime factors of 138888284.
2, 4139, 8389
List the prime factors of 107317382.
2, 53658691
What are the prime factors of 104891857?
7, 157, 95443
What are the prime factors of 2854524560?
2, 5, 1229, 29033
What are the prime factors of 960804778?
2, 61, 7875449
What are the prime factors of 13502301?
3, 17, 43, 47, 131
List the prime factors of 4149255676.
2, 1037313919
List the prime factors of 2613385336.
2, 326673167
What are the prime factors of 1402360817?
11, 13, 487, 1549
List the prime factors of 82179059.
619, 132761
List the prime factors of 95657713.
23, 257, 16183
What are the prime factors of 29801926?
2, 7, 11, 431, 449
List the prime factors of 64287146.
2, 7, 11, 19, 127, 173
List the prime factors of 4704959.
7, 672137
List the prime factors of 839287350.
2, 3, 5, 11, 169553
What are the prime factors of 43547675?
5, 131, 13297
List the prime factors of 425824839.
3, 11, 4301261
What are